{"id":55,"date":"2022-10-06T12:37:09","date_gmt":"2022-10-06T12:37:09","guid":{"rendered":"https:\/\/thord.dk\/?page_id=55"},"modified":"2025-01-13T14:23:12","modified_gmt":"2025-01-13T14:23:12","slug":"kropsbehandling-stress-reduktion","status":"publish","type":"page","link":"https:\/\/thord.dk\/?page_id=55","title":{"rendered":"Kranio : sakral : terapi"},"content":{"rendered":"\n<p>Jeg bruger principperne i <em>biodynamics<\/em> i behandlingen af kroppen. B\u00e5de <em>biodynamisk kraniosakral<\/em>&#8211; og <em>kardiovaskul\u00e6r-terapi<\/em>, er velegnede til alle former for f\u00f8lelsesm\u00e6ssige traumer, udviklingstraumer, stress, med videre.<\/p>\n\n\n\n<p>Herunder kan du l\u00e6se mere om de to besl\u00e6gtede kropsterapier, forkortet som <em>kranio<\/em> og <em>kardio<\/em> eller blot <em>BKST<\/em> og <em>BKVT<\/em>.<\/p>\n\n\n\n<figure class=\"wp-block-image size-full\"><img data-opt-id=1815800755  fetchpriority=\"high\" decoding=\"async\" width=\"916\" height=\"530\" src=\"https:\/\/mlucr3z1hmwm.i.optimole.com\/w:auto\/h:auto\/q:mauto\/ig:avif\/https:\/\/thord.dk\/wp-content\/uploads\/2022\/10\/billede.png\" alt=\"Biodynamisk kraniosakral-terapi, er velegnet til alle former for f\u00f8lelsesm\u00e6ssige traumer, udviklingstraumer og stress.\" class=\"wp-image-334\" srcset=\"https:\/\/mlucr3z1hmwm.i.optimole.com\/w:916\/h:530\/q:mauto\/ig:avif\/https:\/\/thord.dk\/wp-content\/uploads\/2022\/10\/billede.png 916w, https:\/\/mlucr3z1hmwm.i.optimole.com\/w:600\/h:347\/q:mauto\/ig:avif\/https:\/\/thord.dk\/wp-content\/uploads\/2022\/10\/billede.png 600w, https:\/\/mlucr3z1hmwm.i.optimole.com\/w:300\/h:174\/q:mauto\/ig:avif\/https:\/\/thord.dk\/wp-content\/uploads\/2022\/10\/billede.png 300w, https:\/\/mlucr3z1hmwm.i.optimole.com\/w:768\/h:444\/q:mauto\/ig:avif\/https:\/\/thord.dk\/wp-content\/uploads\/2022\/10\/billede.png 768w\" sizes=\"(max-width: 750px) 100vw, 750px\" \/><\/figure>\n\n\n\n<p class=\"has-white-color has-text-color\">.<\/p>\n\n\n\n<p style=\"font-size:24px\"><strong>Biodynamisk KST<\/strong><\/p>\n\n\n\n<blockquote class=\"wp-block-quote is-layout-flow wp-block-quote-is-layout-flow\">\n<p class=\"has-accent-color has-text-color\"><strong>Hvad er biodynamisk kraniosakral terapi?<\/strong><\/p>\n\n\n\n<p class=\"has-accent-color has-text-color\">:: en mindfulness-baseret kropsterapi, der heler i dybden<\/p>\n\n\n\n<p class=\"has-accent-color has-text-color\">:: en terapi, der stimulerer kroppens iboende ressourcer<\/p>\n\n\n\n<p class=\"has-accent-color has-text-color\">:: velegnet til alle aldersgrupper<\/p>\n<\/blockquote>\n\n\n\n<p>Biodynamics er en gren af kraniosakral terapien (KST), der er kendt for sin blidhed og dybdeg\u00e5ende effekt. Biodynamics adskiller sig fra andre former for kraniosakral terapi ved helt at f\u00f8lge kroppens egen \u2019helingsplan\u2019. Respekt for gr\u00e6nser (<em>ikke<\/em>-manipulation) og stilhed er centrale elementer.<\/p>\n\n\n\n<p>Begrebet <em>biodynamics<\/em> stammer fra embryologien og beskriver de skabende kr\u00e6fter, der arbejder i fostertilstanden. Disse kr\u00e6fter manifesterer sig ved undfangelsen og er tilg\u00e6ngelige i os gennem hele livet \u2013 som et organiserende, selvregulerende og helende princip.<\/p>\n\n\n\n<p>I biodynamisk KST arbejder terapeuten med disse embryologiske kr\u00e6fter. Via kontakt til kroppens dybere rytmer (rytmiske flow af v\u00e6ske i v\u00e6v) inviteres kroppen til at rette op p\u00e5 kroppens og nervesystemets ubalancer. Ofte indg\u00e5r <em>stilhed<\/em> som b\u00e5de middel og m\u00e5l i behandlingen.<\/p>\n\n\n\n<p>I biodynamisk KST fokuserer man p\u00e5 klientens sundhed og potentiale for vitalitet. Ofte har klienten en lang historie med fokus p\u00e5 det der <em>ikke<\/em> fungerer (smerte, tr\u00e6thed, stress, angst mv.) \u2013 og det bliver ingen rask af.<\/p>\n\n\n\n<p>Enhver krop indeholder ressourcer, uanset hvor tr\u00e6t eller syg den pt m\u00e5tte v\u00e6re. For at heling kan finde sted er det vigtigt at komme i kontakt med de iboende ressourcer.<\/p>\n\n\n\n<p>Biodynamisk KST er s\u00e6rligt for dem, der gerne vil g\u00e5 dybere \u2013 og dermed opn\u00e5 en l\u00e6ngerevarende effekt \u2013 end det \u2019fiks\u2019, som manipulative teknikker ofte giver.<\/p>\n\n\n\n<p id=\"Hvad klienterne siger\" style=\"font-size:24px\"><strong>Biodynamisk KVT<\/strong><\/p>\n\n\n\n<blockquote class=\"wp-block-quote is-layout-flow wp-block-quote-is-layout-flow\">\n<p class=\"has-accent-color has-text-color\"><strong>Hvad er biodynamisk kardiovaskul\u00e6r terapi?<\/strong><\/p>\n\n\n\n<p class=\"has-accent-color has-text-color\">:: en videreudvikling af biodynamisk kraniosakral terapi<\/p>\n<\/blockquote>\n\n\n\n<p><em>Biodynamisk kardiovaskul\u00e6r terapi <\/em>er en videreudvikling af den biodynamiske KST. Her tilg\u00e5r man kroppens helende kr\u00e6fter via bl.a. kroppens blodkredsl\u00f8b og nerveplexi. I praksis arbejder man med kontakt til arterierne og f\u00e5r dermed adgang til hele &#8216;det vaskul\u00e6re tr\u00e6&#8217;.<\/p>\n\n\n\n<p>Biodynamisk KVT bygger p\u00e5 lignende principper som bio-KST. Den kardiovaskul\u00e6re tilgang er dog mere subtil.<\/p>\n\n\n\n<p class=\"has-white-color has-text-color\">.<\/p>\n","protected":false},"excerpt":{"rendered":"<p>Jeg bruger principperne i biodynamics i behandlingen af kroppen. B\u00e5de biodynamisk kraniosakral&#8211; og kardiovaskul\u00e6r-terapi, er velegnede til alle former for f\u00f8lelsesm\u00e6ssige traumer, udviklingstraumer, stress, med videre. Herunder kan du l\u00e6se mere om de to besl\u00e6gtede kropsterapier, forkortet som kranio og kardio eller blot BKST og BKVT. . Biodynamisk KST Hvad [&hellip;]<\/p>\n","protected":false},"author":1,"featured_media":0,"parent":0,"menu_order":0,"comment_status":"closed","ping_status":"closed","template":"","meta":{"footnotes":""},"class_list":["post-55","page","type-page","status-publish","hentry"],"_links":{"self":[{"href":"https:\/\/thord.dk\/index.php?rest_route=\/wp\/v2\/pages\/55","targetHints":{"allow":["GET"]}}],"collection":[{"href":"https:\/\/thord.dk\/index.php?rest_route=\/wp\/v2\/pages"}],"about":[{"href":"https:\/\/thord.dk\/index.php?rest_route=\/wp\/v2\/types\/page"}],"author":[{"embeddable":true,"href":"https:\/\/thord.dk\/index.php?rest_route=\/wp\/v2\/users\/1"}],"replies":[{"embeddable":true,"href":"https:\/\/thord.dk\/index.php?rest_route=%2Fwp%2Fv2%2Fcomments&post=55"}],"version-history":[{"count":77,"href":"https:\/\/thord.dk\/index.php?rest_route=\/wp\/v2\/pages\/55\/revisions"}],"predecessor-version":[{"id":1411,"href":"https:\/\/thord.dk\/index.php?rest_route=\/wp\/v2\/pages\/55\/revisions\/1411"}],"wp:attachment":[{"href":"https:\/\/thord.dk\/index.php?rest_route=%2Fwp%2Fv2%2Fmedia&parent=55"}],"curies":[{"name":"wp","href":"https:\/\/api.w.org\/{rel}","templated":true}]}}