{"id":528,"date":"2022-10-25T11:45:14","date_gmt":"2022-10-25T11:45:14","guid":{"rendered":"https:\/\/thord.dk\/?page_id=528"},"modified":"2023-07-05T07:55:26","modified_gmt":"2023-07-05T07:55:26","slug":"behandlingen-hvordan","status":"publish","type":"page","link":"https:\/\/thord.dk\/?page_id=528","title":{"rendered":"P\u00e5 briksen"},"content":{"rendered":"\n<p style=\"font-size:24px\"><strong> <\/strong><\/p>\n\n\n\n<p>I behandlingen p\u00e5 briksen bruger jeg <em>biodynamisk kraniosakral terapi <\/em>(BKST) og <em>biodynamisk kardiovaskul\u00e6r terapi <\/em>(BKVT) til at kontakte din krops iboende ressourcer. Det f\u00e5r b\u00e5de din krop ned i gear og stimulerer den heling, der er brug for. <\/p>\n\n\n\n<p>Selve kropsbehandlingen tager typisk 45-50 minutter med ca. 15 minutters samtale fordelt f\u00f8r og efter, i alt 60-70 minutter.<\/p>\n\n\n\n<p><\/p>\n\n\n\n<figure class=\"wp-block-image size-full\"><img data-opt-id=1180248691  fetchpriority=\"high\" decoding=\"async\" width=\"916\" height=\"530\" src=\"https:\/\/mlucr3z1hmwm.i.optimole.com\/w:auto\/h:auto\/q:mauto\/ig:avif\/https:\/\/thord.dk\/wp-content\/uploads\/2022\/10\/billede-1.png\" alt=\"Kraniosakral er velegnet til smerter, stress, hovedpine, s\u00f8vnbesv\u00e6r, livskriser\" class=\"wp-image-340\" srcset=\"https:\/\/mlucr3z1hmwm.i.optimole.com\/w:916\/h:530\/q:mauto\/ig:avif\/https:\/\/thord.dk\/wp-content\/uploads\/2022\/10\/billede-1.png 916w, https:\/\/mlucr3z1hmwm.i.optimole.com\/w:600\/h:347\/q:mauto\/ig:avif\/https:\/\/thord.dk\/wp-content\/uploads\/2022\/10\/billede-1.png 600w, https:\/\/mlucr3z1hmwm.i.optimole.com\/w:300\/h:174\/q:mauto\/ig:avif\/https:\/\/thord.dk\/wp-content\/uploads\/2022\/10\/billede-1.png 300w, https:\/\/mlucr3z1hmwm.i.optimole.com\/w:768\/h:444\/q:mauto\/ig:avif\/https:\/\/thord.dk\/wp-content\/uploads\/2022\/10\/billede-1.png 768w\" sizes=\"(max-width: 750px) 100vw, 750px\" \/><\/figure>\n\n\n\n<p class=\"has-white-color has-text-color\">.<\/p>\n\n\n\n<p style=\"font-size:24px\"><strong>N\u00e5r du er p\u00e5 briksen<\/strong><\/p>\n\n\n\n<p>Under en behandling ligger du fuldt p\u00e5kl\u00e6dt p\u00e5 briksen. Jeg bruger mine h\u00e6nder til at arbejde forskellige steder p\u00e5 kroppen, f.eks. f\u00f8dder, dern\u00e6st korsben, s\u00e5 hoved&#8230; og s\u00e5 videre. Kontakten er let, og trykket fra h\u00e6nderne n\u00e6rmest um\u00e6rkeligt.<\/p>\n\n\n\n<p>F\u00f8rst og fremmest kontakter jeg de iboende ressourcer og hj\u00e6lper kroppen til at finde balance mellem det aktiverende nervesystem (symapaticus) og nedregulerende nervesystem (parasympaticus). <\/p>\n\n\n\n<p>Det f\u00f8rste du m\u00e6rker er sandsynligvis, at det \u2019arbejder\u2019 forskellige steder i kroppen, i form af sm\u00e5 indre bev\u00e6gelser, varmestr\u00f8mning og lignende. Derefter begynder kroppen i h\u00f8jere grad at selvregulere, og der opst\u00e5r mere balance i systemet. <\/p>\n\n\n\n<p>Det kan fx opleves som en gradvis dybere afslapning. Som smerte, der forsvinder. Eller som en st\u00f8rre klarhed over, hvilke mentale og fysiske temaer der er p\u00e5 spil i dit liv (dette er blot eksempler, alle behandlingsforl\u00f8b er naturligvis forskellige). <\/p>\n\n\n\n<p>L\u00e6s mere om, <a href=\"https:\/\/thord.dk\/?page_id=496\" data-type=\"URL\" data-id=\"https:\/\/thord.dk\/?page_id=496\">hvad klienterne selv siger<\/a><\/p>\n\n\n\n<p>Nogle gange skal der flere behandlinger til for, at dette skifte kan finde sted. Med flere behandlinger kan du opleve, at afsp\u00e6nding bliver en del af din hverdag.<\/p>\n\n\n\n<p class=\"has-white-color has-text-color\">.<\/p>\n","protected":false},"excerpt":{"rendered":"<p>I behandlingen p\u00e5 briksen bruger jeg biodynamisk kraniosakral terapi (BKST) og biodynamisk kardiovaskul\u00e6r terapi (BKVT) til at kontakte din krops iboende ressourcer. Det f\u00e5r b\u00e5de din krop ned i gear og stimulerer den heling, der er brug for. Selve kropsbehandlingen tager typisk 45-50 minutter med ca. 15 minutters samtale fordelt [&hellip;]<\/p>\n","protected":false},"author":1,"featured_media":0,"parent":0,"menu_order":0,"comment_status":"closed","ping_status":"closed","template":"","meta":{"footnotes":""},"class_list":["post-528","page","type-page","status-publish","hentry"],"_links":{"self":[{"href":"https:\/\/thord.dk\/index.php?rest_route=\/wp\/v2\/pages\/528","targetHints":{"allow":["GET"]}}],"collection":[{"href":"https:\/\/thord.dk\/index.php?rest_route=\/wp\/v2\/pages"}],"about":[{"href":"https:\/\/thord.dk\/index.php?rest_route=\/wp\/v2\/types\/page"}],"author":[{"embeddable":true,"href":"https:\/\/thord.dk\/index.php?rest_route=\/wp\/v2\/users\/1"}],"replies":[{"embeddable":true,"href":"https:\/\/thord.dk\/index.php?rest_route=%2Fwp%2Fv2%2Fcomments&post=528"}],"version-history":[{"count":43,"href":"https:\/\/thord.dk\/index.php?rest_route=\/wp\/v2\/pages\/528\/revisions"}],"predecessor-version":[{"id":1094,"href":"https:\/\/thord.dk\/index.php?rest_route=\/wp\/v2\/pages\/528\/revisions\/1094"}],"wp:attachment":[{"href":"https:\/\/thord.dk\/index.php?rest_route=%2Fwp%2Fv2%2Fmedia&parent=528"}],"curies":[{"name":"wp","href":"https:\/\/api.w.org\/{rel}","templated":true}]}}